{"id":1046,"date":"2025-10-20T20:45:13","date_gmt":"2025-10-20T20:45:13","guid":{"rendered":"https:\/\/familyzoo.cl\/?post_type=product&#038;p=1046"},"modified":"2025-10-28T21:55:06","modified_gmt":"2025-10-29T00:55:06","slug":"balanced-gato-adulto","status":"publish","type":"product","link":"https:\/\/familyzoo.cl\/index.php\/producto\/balanced-gato-adulto\/","title":{"rendered":"BALANCED GATO ADULTO"},"content":{"rendered":"<p>Balanced es ideal para gatos adultos porque su Programa Equilibrio Saludable les proporciona:<\/p>\n<p>Hairball Control:\u00a0el agregado de celulosa ayuda a prevenir la formaci\u00f3n de bolas de pelo en el tracto gastrointestinal por efectos del lamido.<\/p>\n<p>Salud de v\u00edas urinarias bajas:\u00a0formulado con bajos niveles de minerales -especialmente magnesio- que ayudan a evitar la formaci\u00f3n de cristales y\/o c\u00e1lculos urinarios. Regula el pH urinario.<\/p>\n<p>Salud card\u00edaca:\u00a0posee taurina y L-carnitina que favorecen al m\u00fasculo card\u00edaco, colaborando en la prevenci\u00f3n de cardiomiopat\u00edas.<\/p>\n","protected":false},"excerpt":{"rendered":"<p><strong>Alimento Balanced gato adulto\u00a0<\/strong><\/p>\n","protected":false},"featured_media":1047,"template":"","meta":[],"product_brand":[56],"product_cat":[73,55],"product_tag":[71,47],"class_list":{"0":"post-1046","1":"product","2":"type-product","3":"status-publish","4":"has-post-thumbnail","6":"product_brand-balanced","7":"product_cat-alimento-gato","8":"product_cat-balanced","9":"product_tag-alimento-gato","10":"product_tag-balanced","12":"first","13":"instock","14":"taxable","15":"shipping-taxable","16":"purchasable","17":"product-type-variable"},"jetpack_sharing_enabled":true,"_links":{"self":[{"href":"https:\/\/familyzoo.cl\/index.php\/wp-json\/wp\/v2\/product\/1046","targetHints":{"allow":["GET"]}}],"collection":[{"href":"https:\/\/familyzoo.cl\/index.php\/wp-json\/wp\/v2\/product"}],"about":[{"href":"https:\/\/familyzoo.cl\/index.php\/wp-json\/wp\/v2\/types\/product"}],"wp:featuredmedia":[{"embeddable":true,"href":"https:\/\/familyzoo.cl\/index.php\/wp-json\/wp\/v2\/media\/1047"}],"wp:attachment":[{"href":"https:\/\/familyzoo.cl\/index.php\/wp-json\/wp\/v2\/media?parent=1046"}],"wp:term":[{"taxonomy":"product_brand","embeddable":true,"href":"https:\/\/familyzoo.cl\/index.php\/wp-json\/wp\/v2\/product_brand?post=1046"},{"taxonomy":"product_cat","embeddable":true,"href":"https:\/\/familyzoo.cl\/index.php\/wp-json\/wp\/v2\/product_cat?post=1046"},{"taxonomy":"product_tag","embeddable":true,"href":"https:\/\/familyzoo.cl\/index.php\/wp-json\/wp\/v2\/product_tag?post=1046"}],"curies":[{"name":"wp","href":"https:\/\/api.w.org\/{rel}","templated":true}]}}