{"id":1300,"date":"2025-10-24T00:48:16","date_gmt":"2025-10-24T03:48:16","guid":{"rendered":"https:\/\/familyzoo.cl\/?post_type=product&#038;p=1300"},"modified":"2026-04-20T13:22:03","modified_gmt":"2026-04-20T17:22:03","slug":"gati-kitten-mix","status":"publish","type":"product","link":"https:\/\/familyzoo.cl\/index.php\/producto\/gati-kitten-mix\/","title":{"rendered":"GATI KITTEN MIX"},"content":{"rendered":"<p>Alimento seco para gatitos GATI\u00ae Mix de Carnes, Verduritas y Leche. Inspirado en recetas caseras con mix de ingredientes para mejorar la palatabilidad. Este alimento 100% completo y balanceado contribuye a un sistema inmune sano y una digesti\u00f3n sana. Especialmente dise\u00f1ado para tu gatito con calcio, leche, DHA y un balance de vitaminas, minerales esenciales y prote\u00ednas de calidad, GATI\u00ae le dar\u00e1 la nutrici\u00f3n que necesita desde su primera etapa de vida despu\u00e9s del destete, contribuyendo con un crecimiento saludable. Sin colorantes artificiales.<\/p>\n","protected":false},"excerpt":{"rendered":"<p><strong>Alimento Gati kitten mix 1kg<\/strong><\/p>\n","protected":false},"featured_media":1301,"template":"","meta":[],"product_brand":[92],"product_cat":[91],"product_tag":[71,93,72],"class_list":{"0":"post-1300","1":"product","2":"type-product","3":"status-publish","4":"has-post-thumbnail","6":"product_brand-gati","7":"product_cat-gati","8":"product_tag-alimento-gato","9":"product_tag-gati","10":"product_tag-gato-kitten","12":"first","13":"instock","14":"taxable","15":"shipping-taxable","16":"purchasable","17":"product-type-simple"},"jetpack_sharing_enabled":true,"_links":{"self":[{"href":"https:\/\/familyzoo.cl\/index.php\/wp-json\/wp\/v2\/product\/1300","targetHints":{"allow":["GET"]}}],"collection":[{"href":"https:\/\/familyzoo.cl\/index.php\/wp-json\/wp\/v2\/product"}],"about":[{"href":"https:\/\/familyzoo.cl\/index.php\/wp-json\/wp\/v2\/types\/product"}],"wp:featuredmedia":[{"embeddable":true,"href":"https:\/\/familyzoo.cl\/index.php\/wp-json\/wp\/v2\/media\/1301"}],"wp:attachment":[{"href":"https:\/\/familyzoo.cl\/index.php\/wp-json\/wp\/v2\/media?parent=1300"}],"wp:term":[{"taxonomy":"product_brand","embeddable":true,"href":"https:\/\/familyzoo.cl\/index.php\/wp-json\/wp\/v2\/product_brand?post=1300"},{"taxonomy":"product_cat","embeddable":true,"href":"https:\/\/familyzoo.cl\/index.php\/wp-json\/wp\/v2\/product_cat?post=1300"},{"taxonomy":"product_tag","embeddable":true,"href":"https:\/\/familyzoo.cl\/index.php\/wp-json\/wp\/v2\/product_tag?post=1300"}],"curies":[{"name":"wp","href":"https:\/\/api.w.org\/{rel}","templated":true}]}}