{"id":1561,"date":"2025-12-21T21:30:29","date_gmt":"2025-12-22T00:30:29","guid":{"rendered":"https:\/\/familyzoo.cl\/?post_type=product&#038;p=1561"},"modified":"2026-05-01T17:33:21","modified_gmt":"2026-05-01T21:33:21","slug":"orijen-gato-six-fish","status":"publish","type":"product","link":"https:\/\/familyzoo.cl\/index.php\/producto\/orijen-gato-six-fish\/","title":{"rendered":"Orijen gato Six fish"},"content":{"rendered":"<p>Proporcione a su gato una nutrici\u00f3n de gran calidad con ORIJEN Six Fish, una receta optimizada para gatos de todas las razas y etapas de la vida. Gracias a su alto contenido en \u00e1cidos grasos omega 3, esta dieta es excelente para la salud de la piel y el pelaje. Es una gran opci\u00f3n para gatos con est\u00f3mago delicado y alergias. Esta receta contiene un 85% de ingredientes de origen animal y est\u00e1 elaborada con las partes de la presa m\u00e1s suculentas y ricas en nutrientes para proporcionar la nutrici\u00f3n que necesitan los gatos. No contiene cereales, patata, tapioca ni concentrados de prote\u00ednas vegetales.<\/p>\n<ol>\n<li>RECETA RICA EN PROTE\u00cdNAS, vitaminas y minerales. Adecuada para gatos de todas las razas y etapas de la vida.<\/li>\n<li>CON UNA GRAN INCLUSI\u00d3N DE INGREDIENTES DE ORIGEN ANIMAL DE PRESA ENTERA, como pescado, \u00f3rganos y espinas.<\/li>\n<li>CONTRIBUYE A MANTENER UNA PIEL Y UN PELAJE SALUDABLES gracias al pescado salvaje, que proporciona una fuente de \u00e1cidos grasos omega-3.<\/li>\n<li>RECUBRIMIENTO DE H\u00cdGADO LIOFILIZADO PARA UNA EXPLOSI\u00d3N DE SABOR que a su gato le encantar\u00e1.<\/li>\n<li>85% DE INGREDIENTES DE ORIGEN ANIMAL DE CALIDAD y 15% de verduras, frutas y productos bot\u00e1nicos. No contiene cereales, patata, tapioca ni concentrados de prote\u00ednas vegetales.<\/li>\n<\/ol>\n","protected":false},"excerpt":{"rendered":"<p>Alimento Orijen gato six fish<\/p>\n","protected":false},"featured_media":1560,"template":"","meta":[],"product_brand":[107],"product_cat":[73,106],"product_tag":[71,108],"class_list":{"0":"post-1561","1":"product","2":"type-product","3":"status-publish","4":"has-post-thumbnail","6":"product_brand-orijen","7":"product_cat-alimento-gato","8":"product_cat-orijen","9":"product_tag-alimento-gato","10":"product_tag-orijen","12":"first","13":"outofstock","14":"taxable","15":"shipping-taxable","16":"purchasable","17":"product-type-simple"},"jetpack_sharing_enabled":true,"_links":{"self":[{"href":"https:\/\/familyzoo.cl\/index.php\/wp-json\/wp\/v2\/product\/1561","targetHints":{"allow":["GET"]}}],"collection":[{"href":"https:\/\/familyzoo.cl\/index.php\/wp-json\/wp\/v2\/product"}],"about":[{"href":"https:\/\/familyzoo.cl\/index.php\/wp-json\/wp\/v2\/types\/product"}],"wp:featuredmedia":[{"embeddable":true,"href":"https:\/\/familyzoo.cl\/index.php\/wp-json\/wp\/v2\/media\/1560"}],"wp:attachment":[{"href":"https:\/\/familyzoo.cl\/index.php\/wp-json\/wp\/v2\/media?parent=1561"}],"wp:term":[{"taxonomy":"product_brand","embeddable":true,"href":"https:\/\/familyzoo.cl\/index.php\/wp-json\/wp\/v2\/product_brand?post=1561"},{"taxonomy":"product_cat","embeddable":true,"href":"https:\/\/familyzoo.cl\/index.php\/wp-json\/wp\/v2\/product_cat?post=1561"},{"taxonomy":"product_tag","embeddable":true,"href":"https:\/\/familyzoo.cl\/index.php\/wp-json\/wp\/v2\/product_tag?post=1561"}],"curies":[{"name":"wp","href":"https:\/\/api.w.org\/{rel}","templated":true}]}}