{"id":1573,"date":"2025-12-21T21:56:43","date_gmt":"2025-12-22T00:56:43","guid":{"rendered":"https:\/\/familyzoo.cl\/?post_type=product&#038;p=1573"},"modified":"2026-03-10T12:17:20","modified_gmt":"2026-03-10T15:17:20","slug":"nomade-adulto","status":"publish","type":"product","link":"https:\/\/familyzoo.cl\/index.php\/producto\/nomade-adulto\/","title":{"rendered":"N\u00f3made adulto"},"content":{"rendered":"<p>N\u00f3made es un alimento para perros adultos de razas grandes y medianas desarrollado por expertos en nutrici\u00f3n animal.<\/p>\n<p>Un alimento que excede los requerimientos nutricionales de perros adultos, a\u00fan de las razas m\u00e1s exigentes, proporcionando una dieta sana y equilibrada para una vida plena, feliz y en movimiento.<\/p>\n","protected":false},"excerpt":{"rendered":"<p>Alimento N\u00f3made adulto<\/p>\n","protected":false},"featured_media":1570,"template":"","meta":[],"product_brand":[113],"product_cat":[112,20],"product_tag":[24,114],"class_list":{"0":"post-1573","1":"product","2":"type-product","3":"status-publish","4":"has-post-thumbnail","6":"product_brand-nomade","7":"product_cat-nomade","8":"product_cat-sin-categorizar","9":"product_tag-alimento-perro","10":"product_tag-nomade","12":"first","13":"instock","14":"taxable","15":"shipping-taxable","16":"purchasable","17":"product-type-variable"},"jetpack_sharing_enabled":true,"_links":{"self":[{"href":"https:\/\/familyzoo.cl\/index.php\/wp-json\/wp\/v2\/product\/1573","targetHints":{"allow":["GET"]}}],"collection":[{"href":"https:\/\/familyzoo.cl\/index.php\/wp-json\/wp\/v2\/product"}],"about":[{"href":"https:\/\/familyzoo.cl\/index.php\/wp-json\/wp\/v2\/types\/product"}],"wp:featuredmedia":[{"embeddable":true,"href":"https:\/\/familyzoo.cl\/index.php\/wp-json\/wp\/v2\/media\/1570"}],"wp:attachment":[{"href":"https:\/\/familyzoo.cl\/index.php\/wp-json\/wp\/v2\/media?parent=1573"}],"wp:term":[{"taxonomy":"product_brand","embeddable":true,"href":"https:\/\/familyzoo.cl\/index.php\/wp-json\/wp\/v2\/product_brand?post=1573"},{"taxonomy":"product_cat","embeddable":true,"href":"https:\/\/familyzoo.cl\/index.php\/wp-json\/wp\/v2\/product_cat?post=1573"},{"taxonomy":"product_tag","embeddable":true,"href":"https:\/\/familyzoo.cl\/index.php\/wp-json\/wp\/v2\/product_tag?post=1573"}],"curies":[{"name":"wp","href":"https:\/\/api.w.org\/{rel}","templated":true}]}}