{"id":1651,"date":"2026-01-05T12:03:12","date_gmt":"2026-01-05T15:03:12","guid":{"rendered":"https:\/\/familyzoo.cl\/?post_type=product&#038;p=1651"},"modified":"2026-04-20T13:18:54","modified_gmt":"2026-04-20T17:18:54","slug":"arena-nomade","status":"publish","type":"product","link":"https:\/\/familyzoo.cl\/index.php\/producto\/arena-nomade\/","title":{"rendered":"Arena N\u00f3made"},"content":{"rendered":"<p>La arena N\u00f3made, elaborada con bentonita de calidad premium, es desempolvada tanto para el bienestar de su mascota como para el de su familia. Controla los malos olores gracias al hecho que absorbe l\u00edquidos r\u00e1pidamente. Adem\u00e1s, forma aglomeraciones s\u00faper s\u00f3lidas que son f\u00e1ciles de retirar del arenero. La arena N\u00f3made es la mejor alternativa para tener un hogar saludable.<\/p>\n","protected":false},"excerpt":{"rendered":"<p>Arena sanitaria N\u00f3made 10kg<\/p>\n","protected":false},"featured_media":1652,"template":"","meta":[],"product_brand":[113],"product_cat":[61,112],"product_tag":[121,114],"class_list":{"0":"post-1651","1":"product","2":"type-product","3":"status-publish","4":"has-post-thumbnail","6":"product_brand-nomade","7":"product_cat-limpieza","8":"product_cat-nomade","9":"product_tag-arena","10":"product_tag-nomade","12":"first","13":"instock","14":"taxable","15":"shipping-taxable","16":"purchasable","17":"product-type-simple"},"jetpack_sharing_enabled":true,"_links":{"self":[{"href":"https:\/\/familyzoo.cl\/index.php\/wp-json\/wp\/v2\/product\/1651","targetHints":{"allow":["GET"]}}],"collection":[{"href":"https:\/\/familyzoo.cl\/index.php\/wp-json\/wp\/v2\/product"}],"about":[{"href":"https:\/\/familyzoo.cl\/index.php\/wp-json\/wp\/v2\/types\/product"}],"wp:featuredmedia":[{"embeddable":true,"href":"https:\/\/familyzoo.cl\/index.php\/wp-json\/wp\/v2\/media\/1652"}],"wp:attachment":[{"href":"https:\/\/familyzoo.cl\/index.php\/wp-json\/wp\/v2\/media?parent=1651"}],"wp:term":[{"taxonomy":"product_brand","embeddable":true,"href":"https:\/\/familyzoo.cl\/index.php\/wp-json\/wp\/v2\/product_brand?post=1651"},{"taxonomy":"product_cat","embeddable":true,"href":"https:\/\/familyzoo.cl\/index.php\/wp-json\/wp\/v2\/product_cat?post=1651"},{"taxonomy":"product_tag","embeddable":true,"href":"https:\/\/familyzoo.cl\/index.php\/wp-json\/wp\/v2\/product_tag?post=1651"}],"curies":[{"name":"wp","href":"https:\/\/api.w.org\/{rel}","templated":true}]}}