{"id":1753,"date":"2026-04-04T20:20:33","date_gmt":"2026-04-04T23:20:33","guid":{"rendered":"https:\/\/familyzoo.cl\/?post_type=product&#038;p=1753"},"modified":"2026-04-04T20:20:34","modified_gmt":"2026-04-04T23:20:34","slug":"fawna-perro-cachorro","status":"publish","type":"product","link":"https:\/\/familyzoo.cl\/index.php\/producto\/fawna-perro-cachorro\/","title":{"rendered":"Fawna perro cachorro"},"content":{"rendered":"<p id=\"AQDVzEvV86lzN4dg\"><span id=\"v5JJyr7LFB1T602g\">El nivel y la calidad de origen de sus ingredientes\u00a0<\/span><span id=\"OoCib921tKpePVni\">aportan amino\u00e1cidos y \u00e1cidos grasos esenciales (DHA), para el \u00f3ptimo desarrollo del sistema cognitivo y la estructura corporal.<\/span><\/p>\n<p id=\"wduNsKdSZ6kybzhu\"><span id=\"esMkZ5yww6q5lB3k\">Sus prebi\u00f3ticos y probi\u00f3ticos naturales<\/span><span id=\"hoHywHVrHZfy0CxM\">\u00a0ayudan a incrementar la flora intestinal ben\u00e9fica, favoreciendo las defensas naturales y el sistema inmunol\u00f3gico intestinal.<\/span><\/p>\n<p id=\"Jm0hPJhfQ2WtaEFj\"><span id=\"RAy58iF4uys0iiTT\">Su elevado nivel de amino\u00e1cidos esenciales digestibles (DIAAS),\u00a0<\/span><span id=\"OVdPn6KfIKxTWF6d\">provenientes de la prote\u00edna de alta calidad, permite reducir la cantidad de carbohidratos y brindar una alimentaci\u00f3n m\u00e1s saludable.<\/span><\/p>\n","protected":false},"excerpt":{"rendered":"<p>Alimento Fawna perro cachorro 3kg<\/p>\n","protected":false},"featured_media":1754,"template":"","meta":[],"product_brand":[138],"product_cat":[21,137],"product_tag":[24,139,41],"class_list":{"0":"post-1753","1":"product","2":"type-product","3":"status-publish","4":"has-post-thumbnail","6":"product_brand-fawna","7":"product_cat-alimento-perro","8":"product_cat-fawna","9":"product_tag-alimento-perro","10":"product_tag-fawna","11":"product_tag-perro-cachorro","13":"first","14":"instock","15":"taxable","16":"shipping-taxable","17":"purchasable","18":"product-type-simple"},"jetpack_sharing_enabled":true,"_links":{"self":[{"href":"https:\/\/familyzoo.cl\/index.php\/wp-json\/wp\/v2\/product\/1753","targetHints":{"allow":["GET"]}}],"collection":[{"href":"https:\/\/familyzoo.cl\/index.php\/wp-json\/wp\/v2\/product"}],"about":[{"href":"https:\/\/familyzoo.cl\/index.php\/wp-json\/wp\/v2\/types\/product"}],"wp:featuredmedia":[{"embeddable":true,"href":"https:\/\/familyzoo.cl\/index.php\/wp-json\/wp\/v2\/media\/1754"}],"wp:attachment":[{"href":"https:\/\/familyzoo.cl\/index.php\/wp-json\/wp\/v2\/media?parent=1753"}],"wp:term":[{"taxonomy":"product_brand","embeddable":true,"href":"https:\/\/familyzoo.cl\/index.php\/wp-json\/wp\/v2\/product_brand?post=1753"},{"taxonomy":"product_cat","embeddable":true,"href":"https:\/\/familyzoo.cl\/index.php\/wp-json\/wp\/v2\/product_cat?post=1753"},{"taxonomy":"product_tag","embeddable":true,"href":"https:\/\/familyzoo.cl\/index.php\/wp-json\/wp\/v2\/product_tag?post=1753"}],"curies":[{"name":"wp","href":"https:\/\/api.w.org\/{rel}","templated":true}]}}