{"id":953,"date":"2025-10-19T03:17:12","date_gmt":"2025-10-19T03:17:12","guid":{"rendered":"https:\/\/familyzoo.cl\/?post_type=product&#038;p=953"},"modified":"2025-10-28T21:56:23","modified_gmt":"2025-10-29T00:56:23","slug":"hop-perro-adulto-raza-pequena","status":"publish","type":"product","link":"https:\/\/familyzoo.cl\/index.php\/producto\/hop-perro-adulto-raza-pequena\/","title":{"rendered":"HOP PERRO ADULTO RAZA PEQUE\u00d1A"},"content":{"rendered":"<p>Los perros adultos de razas peque\u00f1as se caracterizan por sus altos requerimientos de energ\u00eda, tienen un metabolismo m\u00e1s r\u00e1pido que los de razas grandes, por lo que necesitan m\u00e1s calor\u00edas por kilogramo de peso vivo.<\/p>\n<p>HOP! Perros Adultos Razas Peque\u00f1as\u00a0ofrece estos beneficios que el perro necesita para desarrollar su potencial:<\/p>\n<p>Croqueta a medida.<\/p>\n<p>Complejo Anti Age.<\/p>\n<p>Salud 360\u00b0.<\/p>\n<p>Indoor Harmony.<\/p>\n","protected":false},"excerpt":{"rendered":"<p><strong>Alimento Hop adulto raza peque\u00f1a\u00a0<\/strong><\/p>\n","protected":false},"featured_media":305,"template":"","meta":[],"product_brand":[36],"product_cat":[21,35],"product_tag":[24,38,28],"class_list":{"0":"post-953","1":"product","2":"type-product","3":"status-publish","4":"has-post-thumbnail","6":"product_brand-hop","7":"product_cat-alimento-perro","8":"product_cat-hop","9":"product_tag-alimento-perro","10":"product_tag-hop","11":"product_tag-raza-pequena","13":"first","14":"instock","15":"taxable","16":"shipping-taxable","17":"purchasable","18":"product-type-variable"},"jetpack_sharing_enabled":true,"_links":{"self":[{"href":"https:\/\/familyzoo.cl\/index.php\/wp-json\/wp\/v2\/product\/953","targetHints":{"allow":["GET"]}}],"collection":[{"href":"https:\/\/familyzoo.cl\/index.php\/wp-json\/wp\/v2\/product"}],"about":[{"href":"https:\/\/familyzoo.cl\/index.php\/wp-json\/wp\/v2\/types\/product"}],"wp:featuredmedia":[{"embeddable":true,"href":"https:\/\/familyzoo.cl\/index.php\/wp-json\/wp\/v2\/media\/305"}],"wp:attachment":[{"href":"https:\/\/familyzoo.cl\/index.php\/wp-json\/wp\/v2\/media?parent=953"}],"wp:term":[{"taxonomy":"product_brand","embeddable":true,"href":"https:\/\/familyzoo.cl\/index.php\/wp-json\/wp\/v2\/product_brand?post=953"},{"taxonomy":"product_cat","embeddable":true,"href":"https:\/\/familyzoo.cl\/index.php\/wp-json\/wp\/v2\/product_cat?post=953"},{"taxonomy":"product_tag","embeddable":true,"href":"https:\/\/familyzoo.cl\/index.php\/wp-json\/wp\/v2\/product_tag?post=953"}],"curies":[{"name":"wp","href":"https:\/\/api.w.org\/{rel}","templated":true}]}}